{"id":2894,"date":"2025-08-01T17:14:16","date_gmt":"2025-08-01T15:14:16","guid":{"rendered":"https:\/\/thefirstshop.it\/shop\/?post_type=product&#038;p=2894"},"modified":"2025-08-01T17:14:16","modified_gmt":"2025-08-01T15:14:16","slug":"dynasun-auto-car-1410a-7245-surf-26cm-aus-metall-vintage-automodell-im-retro-style-oldtimer-kollektion-handgefertigt-mit-realistischem-vintage-effekt-perfekt-fur-sammler-und-liebhaber","status":"publish","type":"product","link":"https:\/\/thefirstshop.it\/shop\/de\/prodotto\/dynasun-auto-car-1410a-7245-surf-26cm-aus-metall-vintage-automodell-im-retro-style-oldtimer-kollektion-handgefertigt-mit-realistischem-vintage-effekt-perfekt-fur-sammler-und-liebhaber\/","title":{"rendered":"DynaSun Auto Car 1410A-7245 Surf 26cm aus Metall, Vintage Automodell im Retro-Style Oldtimer Kollektion, handgefertigt mit realistischem Vintage-Effekt, Perfekt f\u00fcr Sammler und Liebhaber"},"content":{"rendered":"<p style=\"margin: 0cm;text-align: justify\" data-mce-style=\"margin: 0cm; text-align: justify; text-justify: inter-ideograph;\"><span lang=\"de\">Der <strong>DynaSun 1410A-7245 Vintage Truck<\/strong> aus der <strong>Retro-Kollektion<\/strong> begeistert <strong>Liebhaber<\/strong> von klassischen <strong>Transportmitteln<\/strong> mit seinem detailgetreuen <strong>Design<\/strong> und der handgefertigten Verarbeitung. Inspiriert von <strong>Oldtimern vergangener Epochen<\/strong>, ist dieses Modell eine perfekte Kombination aus <strong>Eleganz<\/strong> und <strong>Originalit\u00e4t<\/strong>. Dank des sorgf\u00e4ltig gestalteten <strong>Used-Looks<\/strong>, der an gelebte <strong>Nostalgie<\/strong> und <strong>Industrie-Chic<\/strong> erinnert, wird jeder Truck zu einem besonderen <strong>Sammlerst\u00fcck<\/strong> und Deko-Highlight.<\/span><\/p>\n<p style=\"margin: 0cm;text-align: justify\" data-mce-style=\"margin: 0cm; text-align: justify; text-justify: inter-ideograph;\"><span lang=\"de\">Das robuste Modell wird aus langlebigem <strong>Metall<\/strong> gefertigt und besticht durch seine pr\u00e4zise Nachbildung von <strong>Gebrauchsspuren<\/strong>, die ihm einen authentischen <strong>Vintage-Stil<\/strong> verleihen. Die <strong>geschickte Farbwahl<\/strong> sorgt daf\u00fcr, dass der Truck sowohl in modernen als auch in klassischen <strong>Einrichtungsstilen<\/strong> eine edle und einzigartige <strong>\u00e4sthetische Note<\/strong> setzt. Ob als Teil einer <strong>Modellauto-Sammlung<\/strong> oder als <strong>Dekorationsobjekt<\/strong>, der DynaSun Truck \u00fcberzeugt durch Qualit\u00e4t und Detailtreue.<\/span><\/p>\n<p style=\"margin: 0cm;text-align: justify\" data-mce-style=\"margin: 0cm; text-align: justify; text-justify: inter-ideograph;\"><span lang=\"de\">Der <strong>DynaSun Vintage Truck<\/strong> vereint <strong>Retro-Design<\/strong> und <strong>handwerkliche Pr\u00e4zision<\/strong> in einem beeindruckenden Modell. Der realistisch nachgebildete <strong>Used-Look<\/strong> bringt den Charme vergangener Zeiten in jedes <strong>Interieur<\/strong> und hebt die <strong>Liebe zum Detail<\/strong> hervor, die in die Herstellung jedes Modells flie\u00dft. Dieses St\u00fcck ist ein absolutes Muss f\u00fcr <strong>Sammler<\/strong> und <strong>Dekorationsliebhaber<\/strong>, die den <strong>industriellen<\/strong> und <strong>vintage<\/strong> Stil sch\u00e4tzen. Durch seine robusten Materialien und die elegante Farbgebung wird der Truck zum Highlight jeder Sammlung oder Einrichtung.<\/span><\/p>\n<p class=\"MsoNormal\" style=\"margin-bottom: 0cm;text-align: justify;line-height: normal\" data-mce-style=\"margin-bottom: 0cm; text-align: justify; text-justify: inter-ideograph; line-height: normal;\"><strong><span lang=\"de\" style=\"font-size: 12.0pt;font-family: 'Times New Roman',serif\" data-mce-style=\"font-size: 12.0pt; font-family: 'Times New Roman',serif; mso-fareast-font-family: 'Times New Roman'; mso-bidi-language: TH;\">Handwerkskunst und Qualit\u00e4t Vorgesetzter :<\/span><\/strong><\/p>\n<p class=\"MsoNormal\" style=\"text-align: justify;text-indent: -18.0pt;line-height: normal;margin: 0cm 0cm 0cm 18.0pt\" data-mce-style=\"text-align: justify; text-justify: inter-ideograph; text-indent: -18.0pt; line-height: normal; mso-list: l0 level1 lfo1; tab-stops: list 18.0pt; margin: 0cm 0cm 0cm 18.0pt;\"><!-- [if !supportLists]--><span lang=\"de\" style=\"font-size: 10.0pt;font-family: Symbol\" data-mce-style=\"font-size: 10.0pt; mso-bidi-font-size: 12.0pt; font-family: Symbol; mso-fareast-font-family: Symbol; mso-bidi-font-family: Symbol; mso-bidi-language: TH;\"><span data-mce-style=\"mso-list: Ignore;\">\u00b7<span style=\"font: 7.0pt 'Times New Roman'\" data-mce-style=\"font: 7.0pt 'Times New Roman';\">&nbsp;&nbsp;&nbsp;&nbsp;&nbsp;&nbsp;&nbsp;&nbsp; <\/span><\/span><\/span><!--[endif]--><strong><span lang=\"DE\" style=\"font-size: 12.0pt;font-family: 'Times New Roman',serif\" data-mce-style=\"font-size: 12.0pt; font-family: 'Times New Roman',serif; mso-fareast-font-family: 'Times New Roman'; mso-ansi-language: DE; mso-bidi-language: TH;\">V\u00f6llig handgefertigt: <\/span><\/strong><span lang=\"DE\" style=\"font-size: 12.0pt;font-family: 'Times New Roman',serif\" data-mce-style=\"font-size: 12.0pt; font-family: 'Times New Roman',serif; mso-fareast-font-family: 'Times New Roman'; mso-ansi-language: DE; mso-bidi-language: TH;\">Jedes Modell wird mit viel Liebe zum Detail hergestellt und garantiert eine originalgetreue Reproduktion der Vergangenheit. <\/span><span lang=\"de\" style=\"font-size: 12.0pt;font-family: 'Times New Roman',serif\" data-mce-style=\"font-size: 12.0pt; font-family: 'Times New Roman',serif; mso-fareast-font-family: 'Times New Roman'; mso-bidi-language: TH;\">Aufmerksamkeit handwerklich macht Alles ist gut St\u00fcck einzigartig und unwiederholbar.<\/span><\/p>\n<p class=\"MsoNormal\" style=\"text-align: justify;text-indent: -18.0pt;line-height: normal;margin: 0cm 0cm 0cm 18.0pt\" data-mce-style=\"text-align: justify; text-justify: inter-ideograph; text-indent: -18.0pt; line-height: normal; mso-list: l0 level1 lfo1; tab-stops: list 18.0pt; margin: 0cm 0cm 0cm 18.0pt;\"><!-- [if !supportLists]--><span lang=\"DE\" style=\"font-size: 10.0pt;font-family: Symbol\" data-mce-style=\"font-size: 10.0pt; mso-bidi-font-size: 12.0pt; font-family: Symbol; mso-fareast-font-family: Symbol; mso-bidi-font-family: Symbol; mso-ansi-language: DE; mso-bidi-language: TH;\"><span data-mce-style=\"mso-list: Ignore;\">\u00b7<span style=\"font: 7.0pt 'Times New Roman'\" data-mce-style=\"font: 7.0pt 'Times New Roman';\">&nbsp;&nbsp;&nbsp;&nbsp;&nbsp;&nbsp;&nbsp;&nbsp; <\/span><\/span><\/span><!--[endif]--><strong><span lang=\"DE\" style=\"font-size: 12.0pt;font-family: 'Times New Roman',serif\" data-mce-style=\"font-size: 12.0pt; font-family: 'Times New Roman',serif; mso-fareast-font-family: 'Times New Roman'; mso-ansi-language: DE; mso-bidi-language: TH;\">Authentischer Vintage-Effekt: <\/span><\/strong><span lang=\"DE\" style=\"font-size: 12.0pt;font-family: 'Times New Roman',serif\" data-mce-style=\"font-size: 12.0pt; font-family: 'Times New Roman',serif; mso-fareast-font-family: 'Times New Roman'; mso-ansi-language: DE; mso-bidi-language: TH;\">Die manuell nachgebildeten Gebrauchsspuren verleihen dem Modell ein lebendiges und authentisches Aussehen und simulieren die Einwirkung von Witterungseinfl\u00fcssen und den Lauf der Zeit. Dieser Vintage-Effekt verleiht Charakter und Charme und macht jedes Modell zu einem einzigartigen St\u00fcck Geschichte.<\/span><\/p>\n<p><strong><span lang=\"DE\" style=\"font-size: 12.0pt;line-height: 115%;font-family: 'Times New Roman',serif\" data-mce-style=\"font-size: 12.0pt; line-height: 115%; font-family: 'Times New Roman',serif; mso-fareast-font-family: 'Times New Roman'; mso-ansi-language: DE; mso-fareast-language: ZH-CN; mso-bidi-language: TH;\">Widerstandsf\u00e4hige und langlebige Materialien: <\/span><\/strong><span lang=\"DE\" style=\"font-size: 12.0pt;line-height: 115%;font-family: 'Times New Roman',serif\" data-mce-style=\"font-size: 12.0pt; line-height: 115%; font-family: 'Times New Roman',serif; mso-fareast-font-family: 'Times New Roman'; mso-ansi-language: DE; mso-fareast-language: ZH-CN; mso-bidi-language: TH;\">Dieses Modell besteht aus hochwertigen Materialien und ist auf eine lange Lebensdauer ausgelegt. Die robuste Metallkonstruktion sorgt daf\u00fcr, dass das St\u00fcck seine Sch\u00f6nheit und Integrit\u00e4t auch nach Jahren der Pr\u00e4sentation beh\u00e4lt<\/span><\/p>\n<p><strong>Technische Daten<\/strong><\/p>\n<p><\/p>\n<p class=\"MsoNormal\" style=\"text-align: justify;text-indent: -18.0pt;line-height: normal;margin: 0cm 0cm 0cm 18.0pt\" data-mce-style=\"text-align: justify; text-justify: inter-ideograph; text-indent: -18.0pt; line-height: normal; mso-list: l0 level1 lfo1; tab-stops: list 18.0pt; margin: 0cm 0cm 0cm 18.0pt;\"><!-- [if !supportLists]--><span lang=\"de\" style=\"font-size: 10.0pt;font-family: Symbol\" data-mce-style=\"font-size: 10.0pt; mso-bidi-font-size: 12.0pt; font-family: Symbol; mso-fareast-font-family: Symbol; mso-bidi-font-family: Symbol;\"><span data-mce-style=\"mso-list: Ignore;\">\u00b7<span style=\"font: 7.0pt 'Times New Roman'\" data-mce-style=\"font: 7.0pt 'Times New Roman';\">&nbsp;&nbsp;&nbsp;&nbsp;&nbsp;&nbsp;&nbsp;&nbsp; <\/span><\/span><\/span><!--[endif]--><strong><span lang=\"de\" style=\"font-size: 12.0pt\" data-mce-style=\"font-size: 12.0pt;\">Material:<\/span><\/strong><span lang=\"de\" style=\"font-size: 12.0pt;font-family: 'Times New Roman',serif\" data-mce-style=\"font-size: 12.0pt; font-family: 'Times New Roman',serif;\"> Hochwertiges Metall<\/span><\/p>\n<p class=\"MsoNormal\" style=\"text-align: justify;text-indent: -18.0pt;line-height: normal;margin: 0cm 0cm 0cm 18.0pt\" data-mce-style=\"text-align: justify; text-justify: inter-ideograph; text-indent: -18.0pt; line-height: normal; mso-list: l0 level1 lfo1; tab-stops: list 18.0pt; margin: 0cm 0cm 0cm 18.0pt;\"><!-- [if !supportLists]--><span lang=\"de\" style=\"font-size: 10.0pt;font-family: Symbol\" data-mce-style=\"font-size: 10.0pt; mso-bidi-font-size: 12.0pt; font-family: Symbol; mso-fareast-font-family: Symbol; mso-bidi-font-family: Symbol;\"><span data-mce-style=\"mso-list: Ignore;\">\u00b7<span style=\"font: 7.0pt 'Times New Roman'\" data-mce-style=\"font: 7.0pt 'Times New Roman';\">&nbsp;&nbsp;&nbsp;&nbsp;&nbsp;&nbsp;&nbsp;&nbsp; <\/span><\/span><\/span><!--[endif]--><strong><span lang=\"de\" style=\"font-size: 12.0pt\" data-mce-style=\"font-size: 12.0pt;\">Abmessungen:<\/span><\/strong><span lang=\"de\" style=\"font-size: 12.0pt;font-family: 'Times New Roman',serif\" data-mce-style=\"font-size: 12.0pt; font-family: 'Times New Roman',serif;\"> 26 x 10,5 x 17 cm<\/span><\/p>\n<p class=\"MsoNormal\" style=\"text-align: justify;text-indent: -18.0pt;line-height: normal;margin: 0cm 0cm 0cm 18.0pt\" data-mce-style=\"text-align: justify; text-justify: inter-ideograph; text-indent: -18.0pt; line-height: normal; mso-list: l0 level1 lfo1; tab-stops: list 18.0pt; margin: 0cm 0cm 0cm 18.0pt;\"><!-- [if !supportLists]--><span lang=\"de\" style=\"font-size: 10.0pt;font-family: Symbol\" data-mce-style=\"font-size: 10.0pt; mso-bidi-font-size: 12.0pt; font-family: Symbol; mso-fareast-font-family: Symbol; mso-bidi-font-family: Symbol;\"><span data-mce-style=\"mso-list: Ignore;\">\u00b7<span style=\"font: 7.0pt 'Times New Roman'\" data-mce-style=\"font: 7.0pt 'Times New Roman';\">&nbsp;&nbsp;&nbsp;&nbsp;&nbsp;&nbsp;&nbsp;&nbsp; <\/span><\/span><\/span><!--[endif]--><strong><span lang=\"de\" style=\"font-size: 12.0pt\" data-mce-style=\"font-size: 12.0pt;\">Stil:<\/span><\/strong><span lang=\"de\" style=\"font-size: 12.0pt;font-family: 'Times New Roman',serif\" data-mce-style=\"font-size: 12.0pt; font-family: 'Times New Roman',serif;\"> Vintage, Retro, Industrial<\/span><\/p>\n<p class=\"MsoNormal\" style=\"text-align: justify;text-indent: -18.0pt;line-height: normal;margin: 0cm 0cm 0cm 18.0pt\" data-mce-style=\"text-align: justify; text-justify: inter-ideograph; text-indent: -18.0pt; line-height: normal; mso-list: l0 level1 lfo1; tab-stops: list 18.0pt; margin: 0cm 0cm 0cm 18.0pt;\"><!-- [if !supportLists]--><span lang=\"de\" style=\"font-size: 10.0pt;font-family: Symbol\" data-mce-style=\"font-size: 10.0pt; mso-bidi-font-size: 12.0pt; font-family: Symbol; mso-fareast-font-family: Symbol; mso-bidi-font-family: Symbol;\"><span data-mce-style=\"mso-list: Ignore;\">\u00b7<span style=\"font: 7.0pt 'Times New Roman'\" data-mce-style=\"font: 7.0pt 'Times New Roman';\">&nbsp;&nbsp;&nbsp;&nbsp;&nbsp;&nbsp;&nbsp;&nbsp; <\/span><\/span><\/span><!--[endif]--><strong><span lang=\"de\" style=\"font-size: 12.0pt\" data-mce-style=\"font-size: 12.0pt;\">Besonderheiten:<\/span><\/strong><span lang=\"de\" style=\"font-size: 12.0pt;font-family: 'Times New Roman',serif\" data-mce-style=\"font-size: 12.0pt; font-family: 'Times New Roman',serif;\"> Handgefertigt, mit authentischen Gebrauchsspuren<\/span><\/p>\n<p><strong>Lieferumfang<\/strong><\/p>\n<p><\/p>\n<p><span lang=\"es\"><strong>DynaSun 1410A-7245<\/strong><\/span><\/p>\n","protected":false},"excerpt":{"rendered":"<p>Der Vintage Truck aus der Retro-Kollektion begeistert Liebhaber von klassischen Transportmitteln mit seinem detailgetreuen Design und der handgefertigten Verarbeitung.<br \/>Inspiriert von Oldtimern vergangener Epochen, ist dieses Modell eine perfekte Kombination aus Eleganz und Originalit\u00e4t.<br \/>Dank des sorgf\u00e4ltig gestalteten Used-Looks, der an gelebte Nostalgie und Industrie-Chic erinnert, wird jeder Truck zu einem besonderen Sammlerst\u00fcck und Deko-Highlight.<br \/>Das robuste Modell wird aus langlebigem Metall gefertigt und besticht durch seine pr\u00e4zise Nachbildung von Gebrauchsspuren, die ihm einen authentischen Vintage-Stil verleihen<br \/>Die geschickte Farbwahl sorgt daf\u00fcr, dass der Truck sowohl in modernen als auch in klassischen Einrichtungsstilen eine edle und einzigartige \u00e4sthetische Note setzt.<\/p>\n","protected":false},"featured_media":2897,"comment_status":"open","ping_status":"closed","template":"","meta":{"_bst_post_transparent":"","_bst_post_title":"","_bst_post_layout":"","_bst_post_sidebar_id":"","_bst_post_content_style":"","_bst_post_vertical_padding":"","_bst_post_feature":"","_bst_post_feature_position":"","_bst_post_header":false,"_bst_post_footer":false},"product_brand":[],"product_cat":[769],"product_tag":[857,617,76,859,843,855,841,619,863,621,98,623,865,867,869,633,871,873,849,853,875,877,879,881,851],"product_brands":[],"class_list":{"0":"post-2894","1":"product","2":"type-product","3":"status-publish","4":"has-post-thumbnail","6":"product_cat-auto","7":"product_tag-amante-de","8":"product_tag-antico-de","9":"product_tag-antikauto","10":"product_tag-autodepoca-de","11":"product_tag-automodell","12":"product_tag-buro","13":"product_tag-car","14":"product_tag-costruzioneinmetallo-de","15":"product_tag-creativita-de","16":"product_tag-decorazione-de","17":"product_tag-designobjekt","18":"product_tag-fattoamano-de","19":"product_tag-modellodiauto-de","20":"product_tag-motociclette-de","21":"product_tag-negoziofinestra-de","22":"product_tag-oggettodacollezione-de","23":"product_tag-oggettodidesign-de","24":"product_tag-originalita-de","25":"product_tag-originalitat","26":"product_tag-schaufenster","27":"product_tag-soggiorno-de","28":"product_tag-stileindustriale-de","29":"product_tag-stileretro-de","30":"product_tag-ufficio-de","31":"product_tag-wohnzimmer","33":"first","34":"instock","35":"sale","36":"shipping-taxable","37":"purchasable","38":"product-type-simple","39":"entry","40":"content-bg","41":"loop-entry"},"_links":{"self":[{"href":"https:\/\/thefirstshop.it\/shop\/wp-json\/wp\/v2\/product\/2894","targetHints":{"allow":["GET"]}}],"collection":[{"href":"https:\/\/thefirstshop.it\/shop\/wp-json\/wp\/v2\/product"}],"about":[{"href":"https:\/\/thefirstshop.it\/shop\/wp-json\/wp\/v2\/types\/product"}],"replies":[{"embeddable":true,"href":"https:\/\/thefirstshop.it\/shop\/wp-json\/wp\/v2\/comments?post=2894"}],"wp:featuredmedia":[{"embeddable":true,"href":"https:\/\/thefirstshop.it\/shop\/wp-json\/wp\/v2\/media\/2897"}],"wp:attachment":[{"href":"https:\/\/thefirstshop.it\/shop\/wp-json\/wp\/v2\/media?parent=2894"}],"wp:term":[{"taxonomy":"product_brand","embeddable":true,"href":"https:\/\/thefirstshop.it\/shop\/wp-json\/wp\/v2\/product_brand?post=2894"},{"taxonomy":"product_cat","embeddable":true,"href":"https:\/\/thefirstshop.it\/shop\/wp-json\/wp\/v2\/product_cat?post=2894"},{"taxonomy":"product_tag","embeddable":true,"href":"https:\/\/thefirstshop.it\/shop\/wp-json\/wp\/v2\/product_tag?post=2894"},{"taxonomy":"product_brands","embeddable":true,"href":"https:\/\/thefirstshop.it\/shop\/wp-json\/wp\/v2\/product_brands?post=2894"}],"curies":[{"name":"wp","href":"https:\/\/api.w.org\/{rel}","templated":true}]}}